{"id":46,"date":"2015-09-29T13:32:41","date_gmt":"2015-09-29T11:32:41","guid":{"rendered":"http:\/\/www.haraldschwarz.at\/designs\/?page_id=46"},"modified":"2024-12-12T21:08:31","modified_gmt":"2024-12-12T21:08:31","slug":"zimmer","status":"publish","type":"page","link":"https:\/\/adler-krumbach.at\/wordpress\/zimmer\/","title":{"rendered":"Zimmer"},"content":{"rendered":"<div class=\"jsn-bootstrap3\">\n<div id=\"Fen3Ce\" class=\"row \" style=\"padding: 10px;\">\n<div class=\"jsn-bootstrap3 wr-element-container wr-element-image\" style=\"text-align: left;\">\n<div class=\"jsn-bootstrap3 wr-element-container wr-element-image\" style=\"padding-left: 30px;\"><img loading=\"lazy\" decoding=\"async\" class=\"alignnone size-full wp-image-155\" src=\"http:\/\/adler-krumbach.at\/wordpress\/wp-content\/uploads\/2015\/09\/adler-zimmer_7807w.jpg\" alt=\"adler-zimmer_7807w\" width=\"1419\" height=\"804\" srcset=\"https:\/\/adler-krumbach.at\/wordpress\/wp-content\/uploads\/2015\/09\/adler-zimmer_7807w.jpg 1419w, https:\/\/adler-krumbach.at\/wordpress\/wp-content\/uploads\/2015\/09\/adler-zimmer_7807w-300x170.jpg 300w, https:\/\/adler-krumbach.at\/wordpress\/wp-content\/uploads\/2015\/09\/adler-zimmer_7807w-768x435.jpg 768w, https:\/\/adler-krumbach.at\/wordpress\/wp-content\/uploads\/2015\/09\/adler-zimmer_7807w-1024x580.jpg 1024w\" sizes=\"auto, (max-width: 1419px) 100vw, 1419px\" \/><\/div>\n<div class=\"jsn-bootstrap3 wr-element-container wr-element-image\"><\/div>\n<div class=\"omsc-clear\" style=\"height:80px\"><\/div>\n<div class=\"jsn-bootstrap3 wr-element-container wr-element-image\"><\/div>\n<\/div>\n<div class=\"jsn-bootstrap3 wr-element-container wr-element-image\" style=\"text-align: left;\">Genie\u00dfen Sie die Ruhe in den mit Tannenholz ausgekleideten Zimmern, der Region entsprechend,\u00a0 gem\u00fctlich, lichtdurchflutet und f\u00fcr jeden Geschmack. Alle Zimmer sind als Doppelzimmer mit Bad\/Dusche und WC, TV und W-Lan ausgestattet.<\/div>\n<\/div>\n<div class=\"jsn-bootstrap3 wr-element-container wr-element-image\" style=\"text-align: left;\">\u00a0<div class=\"omsc-clear\" style=\"height:60px\"><\/div><\/div>\n<div id=\"Fen3Ce\" class=\"row \" style=\"padding: 10px;\">\n<div class=\"jsn-bootstrap3 wr-element-container wr-element-image\"><\/div>\n<div class=\"col-md-12 col-sm-12 col-xs-12 \">\n<div class=\"jsn-bootstrap3 wr-element-container wr-element-image\">\n<style type=\"text\/css\">\r\n\t#foogallery-gallery-253 .fg-image {\r\n        width: 280px;\r\n    }\r\n<\/style>\r\n\t\t\t\t<div class=\"foogallery foogallery-container foogallery-default foogallery-lightbox-foogallery fg-gutter-20 fg-left fg-default fg-light fg-loading-default fg-loaded-fade-in fg-hover-fade fg-hover-circle-plus fg-ready\" id=\"foogallery-gallery-253\" data-foogallery=\"{&quot;item&quot;:{&quot;showCaptionTitle&quot;:true,&quot;showCaptionDescription&quot;:false},&quot;lazy&quot;:true}\" >\r\n\t<div class=\"fg-item fg-type-image fg-idle\"><figure class=\"fg-item-inner\"><a href=\"https:\/\/adler-krumbach.at\/wordpress\/wp-content\/uploads\/2015\/09\/sIMG_7854w-1.jpg\" data-attachment-id=\"204\" data-type=\"image\" class=\"fg-thumb\" rel=\"lightbox[46]\"><span class=\"fg-image-wrap\"><img decoding=\"async\" width=\"280\" height=\"150\" class=\"skip-lazy fg-image\" data-src-fg=\"https:\/\/adler-krumbach.at\/wordpress\/wp-content\/uploads\/cache\/2015\/09\/sIMG_7854w-1\/653450556.jpg\" src=\"data:image\/svg+xml,%3Csvg%20xmlns%3D%22http%3A%2F%2Fwww.w3.org%2F2000%2Fsvg%22%20width%3D%22280%22%20height%3D%22150%22%20viewBox%3D%220%200%20280%20150%22%3E%3C%2Fsvg%3E\" loading=\"eager\"><\/span><span class=\"fg-image-overlay\"><\/span><\/a><figcaption class=\"fg-caption\"><div class=\"fg-caption-inner\"><\/div><\/figcaption><\/figure><div class=\"fg-loader\"><\/div><\/div><div class=\"fg-item fg-type-image fg-idle\"><figure class=\"fg-item-inner\"><a href=\"https:\/\/adler-krumbach.at\/wordpress\/wp-content\/uploads\/2015\/09\/sIMG_7849w-1.jpg\" data-attachment-id=\"203\" data-type=\"image\" class=\"fg-thumb\" rel=\"lightbox[46]\"><span class=\"fg-image-wrap\"><img decoding=\"async\" width=\"280\" height=\"150\" class=\"skip-lazy fg-image\" data-src-fg=\"https:\/\/adler-krumbach.at\/wordpress\/wp-content\/uploads\/cache\/2015\/09\/sIMG_7849w-1\/3629765033.jpg\" src=\"data:image\/svg+xml,%3Csvg%20xmlns%3D%22http%3A%2F%2Fwww.w3.org%2F2000%2Fsvg%22%20width%3D%22280%22%20height%3D%22150%22%20viewBox%3D%220%200%20280%20150%22%3E%3C%2Fsvg%3E\" loading=\"eager\"><\/span><span class=\"fg-image-overlay\"><\/span><\/a><figcaption class=\"fg-caption\"><div class=\"fg-caption-inner\"><\/div><\/figcaption><\/figure><div class=\"fg-loader\"><\/div><\/div><div class=\"fg-item fg-type-image fg-idle\"><figure class=\"fg-item-inner\"><a href=\"https:\/\/adler-krumbach.at\/wordpress\/wp-content\/uploads\/2015\/09\/sIMG_7829w-1.jpg\" data-attachment-id=\"202\" data-type=\"image\" class=\"fg-thumb\" rel=\"lightbox[46]\"><span class=\"fg-image-wrap\"><img decoding=\"async\" width=\"280\" height=\"150\" class=\"skip-lazy fg-image\" data-src-fg=\"https:\/\/adler-krumbach.at\/wordpress\/wp-content\/uploads\/cache\/2015\/09\/sIMG_7829w-1\/3238708123.jpg\" src=\"data:image\/svg+xml,%3Csvg%20xmlns%3D%22http%3A%2F%2Fwww.w3.org%2F2000%2Fsvg%22%20width%3D%22280%22%20height%3D%22150%22%20viewBox%3D%220%200%20280%20150%22%3E%3C%2Fsvg%3E\" loading=\"eager\"><\/span><span class=\"fg-image-overlay\"><\/span><\/a><figcaption class=\"fg-caption\"><div class=\"fg-caption-inner\"><\/div><\/figcaption><\/figure><div class=\"fg-loader\"><\/div><\/div><div class=\"fg-item fg-type-image fg-idle\"><figure class=\"fg-item-inner\"><a href=\"https:\/\/adler-krumbach.at\/wordpress\/wp-content\/uploads\/2015\/09\/sIMG_7813w-1.jpg\" data-attachment-id=\"201\" data-type=\"image\" class=\"fg-thumb\" rel=\"lightbox[46]\"><span class=\"fg-image-wrap\"><img decoding=\"async\" width=\"280\" height=\"150\" class=\"skip-lazy fg-image\" data-src-fg=\"https:\/\/adler-krumbach.at\/wordpress\/wp-content\/uploads\/cache\/2015\/09\/sIMG_7813w-1\/2516162520.jpg\" src=\"data:image\/svg+xml,%3Csvg%20xmlns%3D%22http%3A%2F%2Fwww.w3.org%2F2000%2Fsvg%22%20width%3D%22280%22%20height%3D%22150%22%20viewBox%3D%220%200%20280%20150%22%3E%3C%2Fsvg%3E\" loading=\"eager\"><\/span><span class=\"fg-image-overlay\"><\/span><\/a><figcaption class=\"fg-caption\"><div class=\"fg-caption-inner\"><\/div><\/figcaption><\/figure><div class=\"fg-loader\"><\/div><\/div><div class=\"fg-item fg-type-image fg-idle\"><figure class=\"fg-item-inner\"><a href=\"https:\/\/adler-krumbach.at\/wordpress\/wp-content\/uploads\/2015\/09\/sIMG_7812w-1.jpg\" data-attachment-id=\"200\" data-type=\"image\" class=\"fg-thumb\" rel=\"lightbox[46]\"><span class=\"fg-image-wrap\"><img decoding=\"async\" width=\"280\" height=\"150\" class=\"skip-lazy fg-image\" data-src-fg=\"https:\/\/adler-krumbach.at\/wordpress\/wp-content\/uploads\/cache\/2015\/09\/sIMG_7812w-1\/2719612874.jpg\" src=\"data:image\/svg+xml,%3Csvg%20xmlns%3D%22http%3A%2F%2Fwww.w3.org%2F2000%2Fsvg%22%20width%3D%22280%22%20height%3D%22150%22%20viewBox%3D%220%200%20280%20150%22%3E%3C%2Fsvg%3E\" loading=\"eager\"><\/span><span class=\"fg-image-overlay\"><\/span><\/a><figcaption class=\"fg-caption\"><div class=\"fg-caption-inner\"><\/div><\/figcaption><\/figure><div class=\"fg-loader\"><\/div><\/div><div class=\"fg-item fg-type-image fg-idle\"><figure class=\"fg-item-inner\"><a href=\"https:\/\/adler-krumbach.at\/wordpress\/wp-content\/uploads\/2016\/08\/IMG_7815w.jpg\" data-attachment-id=\"337\" data-type=\"image\" class=\"fg-thumb\" rel=\"lightbox[46]\"><span class=\"fg-image-wrap\"><img decoding=\"async\" width=\"280\" height=\"150\" class=\"skip-lazy fg-image\" data-src-fg=\"https:\/\/adler-krumbach.at\/wordpress\/wp-content\/uploads\/cache\/2016\/08\/IMG_7815w\/871259764.jpg\" src=\"data:image\/svg+xml,%3Csvg%20xmlns%3D%22http%3A%2F%2Fwww.w3.org%2F2000%2Fsvg%22%20width%3D%22280%22%20height%3D%22150%22%20viewBox%3D%220%200%20280%20150%22%3E%3C%2Fsvg%3E\" loading=\"eager\"><\/span><span class=\"fg-image-overlay\"><\/span><\/a><figcaption class=\"fg-caption\"><div class=\"fg-caption-inner\"><\/div><\/figcaption><\/figure><div class=\"fg-loader\"><\/div><\/div><div class=\"fg-item fg-type-image fg-idle\"><figure class=\"fg-item-inner\"><a href=\"https:\/\/adler-krumbach.at\/wordpress\/wp-content\/uploads\/2016\/08\/IMG_7818w.jpg\" data-attachment-id=\"338\" data-type=\"image\" class=\"fg-thumb\" rel=\"lightbox[46]\"><span class=\"fg-image-wrap\"><img decoding=\"async\" width=\"280\" height=\"150\" class=\"skip-lazy fg-image\" data-src-fg=\"https:\/\/adler-krumbach.at\/wordpress\/wp-content\/uploads\/cache\/2016\/08\/IMG_7818w\/1528498653.jpg\" src=\"data:image\/svg+xml,%3Csvg%20xmlns%3D%22http%3A%2F%2Fwww.w3.org%2F2000%2Fsvg%22%20width%3D%22280%22%20height%3D%22150%22%20viewBox%3D%220%200%20280%20150%22%3E%3C%2Fsvg%3E\" loading=\"eager\"><\/span><span class=\"fg-image-overlay\"><\/span><\/a><figcaption class=\"fg-caption\"><div class=\"fg-caption-inner\"><\/div><\/figcaption><\/figure><div class=\"fg-loader\"><\/div><\/div><div class=\"fg-item fg-type-image fg-idle\"><figure class=\"fg-item-inner\"><a href=\"https:\/\/adler-krumbach.at\/wordpress\/wp-content\/uploads\/2016\/08\/IMG_7819w.jpg\" data-attachment-id=\"339\" data-type=\"image\" class=\"fg-thumb\" rel=\"lightbox[46]\"><span class=\"fg-image-wrap\"><img decoding=\"async\" width=\"280\" height=\"150\" class=\"skip-lazy fg-image\" data-src-fg=\"https:\/\/adler-krumbach.at\/wordpress\/wp-content\/uploads\/cache\/2016\/08\/IMG_7819w\/509433178.jpg\" src=\"data:image\/svg+xml,%3Csvg%20xmlns%3D%22http%3A%2F%2Fwww.w3.org%2F2000%2Fsvg%22%20width%3D%22280%22%20height%3D%22150%22%20viewBox%3D%220%200%20280%20150%22%3E%3C%2Fsvg%3E\" loading=\"eager\"><\/span><span class=\"fg-image-overlay\"><\/span><\/a><figcaption class=\"fg-caption\"><div class=\"fg-caption-inner\"><\/div><\/figcaption><\/figure><div class=\"fg-loader\"><\/div><\/div><div class=\"fg-item fg-type-image fg-idle\"><figure class=\"fg-item-inner\"><a href=\"https:\/\/adler-krumbach.at\/wordpress\/wp-content\/uploads\/2016\/08\/IMG_7843w.jpg\" data-attachment-id=\"340\" data-type=\"image\" class=\"fg-thumb\" rel=\"lightbox[46]\"><span class=\"fg-image-wrap\"><img decoding=\"async\" width=\"280\" height=\"150\" class=\"skip-lazy fg-image\" data-src-fg=\"https:\/\/adler-krumbach.at\/wordpress\/wp-content\/uploads\/cache\/2016\/08\/IMG_7843w\/2692595586.jpg\" src=\"data:image\/svg+xml,%3Csvg%20xmlns%3D%22http%3A%2F%2Fwww.w3.org%2F2000%2Fsvg%22%20width%3D%22280%22%20height%3D%22150%22%20viewBox%3D%220%200%20280%20150%22%3E%3C%2Fsvg%3E\" loading=\"eager\"><\/span><span class=\"fg-image-overlay\"><\/span><\/a><figcaption class=\"fg-caption\"><div class=\"fg-caption-inner\"><\/div><\/figcaption><\/figure><div class=\"fg-loader\"><\/div><\/div><div class=\"fg-item fg-type-image fg-idle\"><figure class=\"fg-item-inner\"><a href=\"https:\/\/adler-krumbach.at\/wordpress\/wp-content\/uploads\/2016\/08\/zimmer-adler-krumbach-12w.jpg\" data-attachment-id=\"341\" data-type=\"image\" class=\"fg-thumb\" rel=\"lightbox[46]\"><span class=\"fg-image-wrap\"><img decoding=\"async\" width=\"280\" height=\"150\" class=\"skip-lazy fg-image\" data-src-fg=\"https:\/\/adler-krumbach.at\/wordpress\/wp-content\/uploads\/cache\/2016\/08\/zimmer-adler-krumbach-12w\/2583203036.jpg\" src=\"data:image\/svg+xml,%3Csvg%20xmlns%3D%22http%3A%2F%2Fwww.w3.org%2F2000%2Fsvg%22%20width%3D%22280%22%20height%3D%22150%22%20viewBox%3D%220%200%20280%20150%22%3E%3C%2Fsvg%3E\" loading=\"eager\"><\/span><span class=\"fg-image-overlay\"><\/span><\/a><figcaption class=\"fg-caption\"><div class=\"fg-caption-inner\"><\/div><\/figcaption><\/figure><div class=\"fg-loader\"><\/div><\/div><\/div>\r\n\n<\/div>\n<\/div>\n<\/div>\n<\/div>\n<p class=\"jsn-bootstrap3 wr-element-container wr-element-image\"><div class=\"omsc-one-half\"><div class=\"clear\"><\/div><\/div><\/p>\n<h2 class=\"jsn-bootstrap3 wr-element-container wr-element-image\">Unsere aktuellen Zimmerpreise<\/h2>\n<div class=\"jsn-bootstrap3 wr-element-container wr-element-image\">Die Preise beziehen sich auf eine\u00a0Person<\/div>\n<div class=\"jsn-bootstrap3 wr-element-container wr-element-image\">Zuschlag bis 2 N\u00e4chte \u20ac 15,&#8211;<\/div>\n<div class=\"jsn-bootstrap3 wr-element-container wr-element-image\">\n<hr \/>\n<p>\u00dcbernachtung m. Fr\u00fchst\u00fcck im DZ ab \u20ac 75,-<\/p>\n<p>\u00dcbernachtung m. Fr\u00fchst\u00fcck im EZ ab \u20ac115,-<\/p>\n<\/div>\n<div class=\"jsn-bootstrap3 wr-element-container wr-element-image\">\n<hr \/>\n<\/div>\n<div class=\"jsn-bootstrap3 wr-element-container wr-element-image\">\u20ac 1,60 G\u00e4stetaxe enthalten<br \/>\nKinder im Zimmer der Eltern (bei 2 Vollzahlenden)<br \/>\nbis 7 Jahre 50% Erm\u00e4\u00dfigung<br \/>\nbis 10 Jahre 20% Erm\u00e4\u00dfigung<\/div>\n<div class=\"jsn-bootstrap3 wr-element-container wr-element-image\">F\u00fcr Hunde berechnen wir \u20ac 15.&#8211; pro Nacht.<\/div>\n<div class=\"jsn-bootstrap3 wr-element-container wr-element-image\"><\/div>\n<div>Bei Stornierungen gelten die \u00f6sterreichischen Hotelvertragsverordnungen<\/div>\n<div><\/div>\n<div class=\"jsn-bootstrap3 wr-element-container wr-element-image\">Wir akzeptieren keine Bankomat-und Kreditkarte<\/div>\n<div class=\"jsn-bootstrap3 wr-element-container wr-element-image\"><\/div>\n<div><\/div>\n<div><\/div>\n<div><\/div>\n<div id=\"v4S1Gj\" class=\"wr_text\">\n<h2>Bregenzerwald G\u00e4ste-Card<\/h2>\n<div class=\"description\">\n<p>Die Bregenzerw\u00e4lder Berge sind reich an Entdeckenswertem. Wanderwege f\u00fchren zu \u00a0den sch\u00f6nsten Pl\u00e4tzen und erz\u00e4hlen Geschichten, Veranstal\u00adtungen finden statt. Die \u201eEintritts\u00adkarte\u201c zu diesen Bergerlebnissen ist die Bregenzerwald G\u00e4ste\u00adCard. Die Bregenzerwald G\u00e4ste\u00adCard erhalten Sie, wenn Sie drei und mehr N\u00e4chte im Bregenzerwald wohnen. Sie ist im\u00a0\u00dcbernachtungspreis inkludiert.<\/p>\n<p><strong>G\u00fcltigkeit<\/strong><\/p>\n<p>ab 3 \u00dcbernachtungen<\/p>\n<\/div>\n<\/div>\n<p><a href=\"http:\/\/www.bregenzerwald.at\/s\/de\/bregenzerwald-gaeste-card-das-angebot\">Mehr Information zur Bregenzerwald G\u00e4ste-Card<\/a><\/p>\n<p class=\"jsn-bootstrap3 wr-element-container wr-element-image\">[\/one_half_last]<\/p>\n<div class=\"jsn-bootstrap3\">\n<p>&nbsp;<\/p>\n<div class=\"jsn-bootstrap3 wr-element-container wr-element-image\"><\/div>\n<\/div>\n","protected":false},"excerpt":{"rendered":"<p>Genie\u00dfen Sie die Ruhe in den mit Tannenholz ausgekleideten Zimmern, der Region entsprechend,\u00a0 gem\u00fctlich, lichtdurchflutet und f\u00fcr jeden Geschmack. Alle Zimmer sind als Doppelzimmer mit Bad\/Dusche und WC, TV und &#8230;<\/p>\n","protected":false},"author":1,"featured_media":0,"parent":0,"menu_order":0,"comment_status":"closed","ping_status":"closed","template":"","meta":{"footnotes":""},"class_list":["post-46","page","type-page","status-publish","hentry"],"_links":{"self":[{"href":"https:\/\/adler-krumbach.at\/wordpress\/wp-json\/wp\/v2\/pages\/46","targetHints":{"allow":["GET"]}}],"collection":[{"href":"https:\/\/adler-krumbach.at\/wordpress\/wp-json\/wp\/v2\/pages"}],"about":[{"href":"https:\/\/adler-krumbach.at\/wordpress\/wp-json\/wp\/v2\/types\/page"}],"author":[{"embeddable":true,"href":"https:\/\/adler-krumbach.at\/wordpress\/wp-json\/wp\/v2\/users\/1"}],"replies":[{"embeddable":true,"href":"https:\/\/adler-krumbach.at\/wordpress\/wp-json\/wp\/v2\/comments?post=46"}],"version-history":[{"count":0,"href":"https:\/\/adler-krumbach.at\/wordpress\/wp-json\/wp\/v2\/pages\/46\/revisions"}],"wp:attachment":[{"href":"https:\/\/adler-krumbach.at\/wordpress\/wp-json\/wp\/v2\/media?parent=46"}],"curies":[{"name":"wp","href":"https:\/\/api.w.org\/{rel}","templated":true}]}}